{"id":1201,"date":"2023-11-10T13:55:22","date_gmt":"2023-11-10T13:55:22","guid":{"rendered":"https:\/\/realtor-favum.eu\/?page_id=1201"},"modified":"2023-11-10T14:08:55","modified_gmt":"2023-11-10T14:08:55","slug":"acceuil","status":"publish","type":"page","link":"https:\/\/realtor-favum.eu\/?lang=fr","title":{"rendered":"Bienvenue"},"content":{"rendered":"\n\n\n<h2>Bienvenue  \u00e0 l&#8217;agence immobili\u00e8re Favum<\/h2>\n\n\n\n\n\n\n<p><\/p><center>Cr\u00e9\u00e9e en 2014, nous sommes une soci\u00e9t\u00e9 familiale bas\u00e9e en Slov\u00e9nie.  Notre agence travaille principalement sur Ljubljana et ses environs et nos prestations s&#8217;adressent avant tout aux particuliers et soci\u00e9t\u00e9s \u00e9trang\u00e8res qui s\u2019\u00e9tablissent en Slov\u00e9nie.<center><p><\/p><\/center><\/center>\n\n\n\n\n\n\n\n\n<p><\/p><center>Nataliya Nakonechna est en charge de notre activit\u00e9 immobili\u00e8re. Outre sa licence slov\u00e8ne d&#8217;agent immobilier, elle d\u00e9tient deux masters en litt\u00e9rature et en psychologie. Nataliya a dirig\u00e9 des agences immobili\u00e8res depuis 1998, initialement en Ukraine, et depuis 2016 elle est \u00e9tablie en Slov\u00e9nie. Elle parle le slov\u00e8ne, l&#8217;anglais, l&#8217;ukrainien et le russe.<\/center><p><\/p>\n\n\n\n\n\n\n\n\n\n\n\nAvant de vous pr\u00e9senter des biens en location ou \u00e0 la vente, nous vous \u00e9couterons attentivement pour bien appr\u00e9hender vos besoins. Nous vous poserons certainement des questions compl\u00e9mentaires pour bien cerner le type de bien que vous recherchez.\n\n\n\n\n\n\n\n\n\nNous disposons d&#8217;une base de donn\u00e9es importante de biens \u00e0 louer ou \u00e0 vendre. Outre nos contacts directs avec des propri\u00e9taires de biens, nous pourrons \u00e9galement nous appuyer sur un r\u00e9seau d&#8217;agents partenaires et ceci pour pouvoir vous pr\u00e9senter des biens en ad\u00e9quation avec vos crit\u00e8res de recherche. \nA la signature du bon de visite, vous recevrez nos conditions g\u00e9n\u00e9rales et notre liste de prix. Nous v\u00e9rifions avant toute visite que le bien est correctement inscrit au cadastre, et qui en est le propri\u00e9taire.\n\n\n\n\n\n\n\n\n\nLorsque vous aurez pre-s\u00e9lectionn\u00e9 un bien, nous vous accompagnerons lors de la n\u00e9gociation, et nous serons pr\u00e9sents lors de l\u2019\u00e9tat des lieux et la remise des clefs. Notre agence r\u00e9digera le bail ou le contrat de vente qui sera v\u00e9rifi\u00e9 au pr\u00e9alable par notre avocat attitr\u00e9. Dans le cas d&#8217;une acquisition, nous vous accompagnerons dans les d\u00e9marches avec le notaire, les services municipaux et enfin l&#8217;inscription au plan cadastral.\n\n<h2>Nos comp\u00e9tences<\/h2>\n\n\n\n\n\n\n\n\n\n\n\n\n\n<h2>R\u00e9sidentiel<\/h2>\n<p><center>Que vous cherchiez \u00e0 louer ou \u00e0 acheter, qu&#8217;il s&#8217;agisse d&#8217;une villa ou d&#8217;un appartement, nous avons une importante base de donn\u00e9es de biens disponibles. <\/center><\/p>\n\n\n\n<h2>Commercial<\/h2>\n<p><center>Vous avez un projet de cr\u00e9ation de restaurant ou de boutique? Contactez-nous et d\u00e9couvrez notre s\u00e9lection de biens qui pourraient correspondre \u00e0 vos besoins.<\/center><\/p>\n\n\n\n<h2>Terrains \u00e0 b\u00e2tir<\/h2>\n<p><center>Trouver un terrain constructible en Slov\u00e9nie peut se r\u00e9v\u00e9l\u00e9r \u00eatre une tache compliqu\u00e9e, de surcro\u00eet a Ljubljana et ses environs. Nous sommes en contact direct avec des propri\u00e9taires de terrains \u00e0 vendre.<\/center><\/p><br>\n\n\n\n\n\n\n\n\n\n\n\n\n\n\n\n\n\n\n\n","protected":false},"excerpt":{"rendered":"","protected":false},"author":1,"featured_media":0,"parent":0,"menu_order":0,"comment_status":"closed","ping_status":"closed","template":"","meta":{"pagelayer_contact_templates":[],"_pagelayer_content":"","footnotes":""},"class_list":["post-1201","page","type-page","status-publish","hentry"],"_links":{"self":[{"href":"https:\/\/realtor-favum.eu\/index.php?rest_route=\/wp\/v2\/pages\/1201","targetHints":{"allow":["GET"]}}],"collection":[{"href":"https:\/\/realtor-favum.eu\/index.php?rest_route=\/wp\/v2\/pages"}],"about":[{"href":"https:\/\/realtor-favum.eu\/index.php?rest_route=\/wp\/v2\/types\/page"}],"author":[{"embeddable":true,"href":"https:\/\/realtor-favum.eu\/index.php?rest_route=\/wp\/v2\/users\/1"}],"replies":[{"embeddable":true,"href":"https:\/\/realtor-favum.eu\/index.php?rest_route=%2Fwp%2Fv2%2Fcomments&post=1201"}],"version-history":[{"count":6,"href":"https:\/\/realtor-favum.eu\/index.php?rest_route=\/wp\/v2\/pages\/1201\/revisions"}],"predecessor-version":[{"id":1210,"href":"https:\/\/realtor-favum.eu\/index.php?rest_route=\/wp\/v2\/pages\/1201\/revisions\/1210"}],"wp:attachment":[{"href":"https:\/\/realtor-favum.eu\/index.php?rest_route=%2Fwp%2Fv2%2Fmedia&parent=1201"}],"curies":[{"name":"wp","href":"https:\/\/api.w.org\/{rel}","templated":true}]}}